s the hundreds digit of 445?
4
What is the units digit of 25605?
5
What is the tens digit of 3177?
7
What is the tens digit of 371?
7
What is the tens digit of 9497?
9
What is the hundreds digit of 454?
4
What is the hundreds digit of 64870?
8
What is the tens digit of 38156?
5
What is the thousands digit of 157937?
7
What is the hundreds digit of 11590?
5
What is the thousands digit of 3488?
3
What is the hundreds digit of 899?
8
What is the thousands digit of 1028?
1
What is the hundreds digit of 247?
2
What is the hundreds digit of 1874?
8
What is the hundreds digit of 31574?
5
What is the hundreds digit of 1073?
0
What is the hundreds digit of 1367?
3
What is the tens digit of 4553?
5
What is the hundreds digit of 14800?
8
What is the thousands digit of 23480?
3
What is the thousands digit of 10900?
0
What is the ten thousands digit of 32188?
3
What is the ten thousands digit of 162108?
6
What is the hundreds digit of 145?
1
What is the hundreds digit of 9769?
7
What is the ten thousands digit of 69290?
6
What is the ten thousands digit of 97251?
9
What is the hundreds digit of 6891?
8
What is the hundreds digit of 62804?
8
What is the hundreds digit of 395?
3
What is the thousands digit of 8975?
8
What is the ten thousands digit of 13016?
1
What is the hundreds digit of 1458?
4
What is the tens digit of 2122?
2
What is the thousands digit of 108831?
8
What is the hundreds digit of 11198?
1
What is the units digit of 16497?
7
What is the units digit of 20409?
9
What is the thousands digit of 2498?
2
What is the tens digit of 94734?
3
What is the hundreds digit of 2905?
9
What is the thousands digit of 30178?
0
What is the hundreds digit of 2308?
3
What is the tens digit of 1300?
0
What is the tens digit of 3109?
0
What is the tens digit of 133?
3
What is the hundreds digit of 1841?
8
What is the units digit of 1506?
6
What is the units digit of 1719?
9
What is the tens digit of 1728?
2
What is the units digit of 1866?
6
What is the thousands digit of 1508?
1
What is the thousands digit of 41805?
1
What is the thousands digit of 3038?
3
What is the units digit of 79889?
9
What is the tens digit of 7375?
7
What is the ten thousands digit of 22742?
2
What is the hundreds digit of 642?
6
What is the units digit of 8676?
6
What is the thousands digit of 3313?
3
What is the hundreds digit of 559?
5
What is the thousands digit of 77589?
7
What is the tens digit of 54127?
2
What is the thousands digit of 9054?
9
What is the units digit of 5001?
1
What is the units digit of 5609?
9
What is the ten thousands digit of 15372?
1
What is the hundreds digit of 86161?
1
What is the ten thousands digit of 90112?
9
What is the units digit of 18308?
8
What is the units digit of 4238?
8
What is the tens digit of 384?
8
What is the tens digit of 52368?
6
What is the thousands digit of 1141?
1
What is the ten thousands digit of 15725?
1
What is the thousands digit of 8959?
8
What is the hundreds digit of 2757?
7
What is the hundreds digit of 3375?
3
What is the hundreds digit of 870?
8
What is the hundred thousands digit of 119097?
1
What is the thousands digit of 1067?
1
What is the tens digit of 1634?
3
What is the ten thousands digit of 11191?
1
What is the units digit of 15?
5
What is the ten thousands digit of 28316?
2
What is the ten thousands digit of 65018?
6
What is the hundreds digit of 58400?
4
What is the ten thousands digit of 17068?
1
What is the tens digit of 1414?
1
What is the thousands digit of 4015?
4
What is the hundreds digit of 25471?
4
What is the ten thousands digit of 13217?
1
What is the units digit of 232?
2
What is the units digit of 1715?
5
What is the tens digit of 16580?
8
What is the hundreds digit of 3722?
7
What is the units digit of 3405?
5
What is the thousands digit of 20372?
0
What is the tens digit of 4616?
1
What is the hundreds digit of 32411?
4
What is the units digit of 15458?
8
What is the tens digit of 61466?
6
What is the hundreds digit of 2556?
5
What is the tens digit of 9504?
0
What is the thousands digit of 4982?
4
What is the tens digit of 1366?
6
What is the hundreds digit of 498?
4
What is the hundreds digit of 2628?
6
What is the tens digit of 103577?
7
What is the ten thousands digit of 71523?
7
What is the tens digit of 1283?
8
What is the hundreds digit of 7819?
8
What is the hundreds digit of 2237?
2
What is the tens digit of 4153?
5
What is the thousands digit of 192711?
2
What is the units digit of 2144?
4
What is the units digit of 10573?
3
What is the hundreds digit of 1490?
4
What is the thousands digit of 3224?
3
What is the tens digit of 23318?
1
What is the ten thousands digit of 143559?
4
What is the tens digit of 79090?
9
What is the ten thousands digit of 12405?
1
What is the thousands digit of 4832?
4
What is the tens digit of 8562?
6
What is the ten thousands digit of 11932?
1
What is the tens digit of 1932?
3
What is the tens digit of 485?
8
What is the thousands digit of 2762?
2
What is the hundreds digit of 133163?
1
What is the thousands digit of 1619?
1
What is the hundreds digit of 8785?
7
What is the tens digit of 1068?
6
What is the tens digit of 403?
0
What is the hundreds digit of 3231?
2
What is the units digit of 24583?
3
What is the tens digit of 34106?
0
What is the tens digit of 314?
1
What is the tens digit of 1421?
2
What is the hundreds digit of 2318?
3
What is the thousands digit of 6252?
6
What is the hundreds digit of 392?
3
What is the tens digit of 85385?
8
What is the hundreds digit of 801?
8
What is the hundreds digit of 73045?
0
What is the hundreds digit of 21474?
4
What is the hundreds digit of 5145?
1
What is the tens digit of 1130?
3
What is the thousands digit of 39842?
9
What is the units digit of 2063?
3
What is the units digit of 17909?
9
What is the tens digit of 36938?
3
What is the units digit of 832?
2
What is the hundreds digit of 52348?
3
What is the units digit of 943?
3
What is the thousands digit of 7593?
7
What is the units digit of 19793?
3
What is the units digit of 9591?
1
What is the tens digit of 469?
6
What is the units digit of 330?
0
What is the hundreds digit of 125036?
0
What is the tens digit of 1807?
0
What is the tens digit of 3623?
2
What is the units digit of 75543?
3
What is the units digit of 780?
0
What is the hundreds digit of 2234?
2
What is the tens digit of 9513?
1
What is the units digit of 9844?
4
What is the hundreds digit of 39213?
2
What is the units digit of 55?
5
What is the tens digit of 36?
3
What is the hundreds digit of 385?
3
What is the tens digit of 109428?
2
What is the hundreds digit of 1986?
9
What is the hundreds digit of 17633?
6
What is the hundreds digit of 50415?
4
What is the hundreds digit of 73955?
9
What is the thousands digit of 1161?
1
What is the hundreds digit of 606?
6
What is the thousands digit of 5661?
5
What is the hundreds digit of 1311?
3
What is the units digit of 965?
5
What is the tens digit of 9317?
1
What is the tens digit of 9447?
4
What is the hundreds digit of 841?
8
What is the hundreds digit of 247?
2
What is the tens digit of 2704?
0
What is the units digit of 2800?
0
What is the hundreds digit of 3604?
6
What is the hundreds digit of 642?
6
What is the hundreds digit of 3424?
4
What is the units digit of 81?
1
What is the tens digit of 35661?
6
What is the thousands digit of 3875?
3
What is the tens digit of 569?
6
What is the hundreds digit of 5561?
5
What is the thousands digit of 2939?
2
What is the hundreds digit of 1233?
2
What is the units digit of 37616?
6
What is the tens digit of 948?
4
What is the tens digit of 1462?
6
What is the thousands digit of 166747?
6
What is the tens digit of 37569?
6
What is the hundreds digit of 40416?
4
What is the units digit of 8909?
9
What is the tens digit of 11919?
1
What is the thousands digit of 1795?
1
What is the tens digit of 131003?
0
What is the thousands digit of 4273?
4
What is the tens digit of 4079?
7
What is the tens digit of 40009?
0
What is the hundreds digit of 527?
5
What is the units digit of 4630?
0
What is the tens digit of 43214?
1
What is the thousands digit of 14616?
4
What is the tens digit of 1491?
9
What is the tens digit of 1386?
8
What is the ten thousands digit of 46631?
4
What is the thousands digit of